{"id":1685,"date":"2025-01-14T20:20:31","date_gmt":"2025-01-14T20:20:31","guid":{"rendered":"https:\/\/preview.treethemes.com\/pine\/onepage1\/?page_id=1685"},"modified":"2026-01-05T12:57:55","modified_gmt":"2026-01-05T09:57:55","slug":"our-work","status":"publish","type":"page","link":"https:\/\/www.technoetiket.com\/?page_id=1685","title":{"rendered":"\u00dcR\u00dcNLER\u0130M\u0130Z"},"content":{"rendered":"<div class=\"wpb-content-wrapper\"><p>[vc_row equal_height=&#8221;yes&#8221; content_placement=&#8221;middle&#8221; css_animation=&#8221;none&#8221; el_class=&#8221;wide-ipad&#8221;][vc_column css_animation=&#8221;fadeInUp&#8221;]<div class=\"ult-spacer spacer-69e60101a5997\" data-id=\"69e60101a5997\" data-height=\"150\" data-height-mobile=\"100\" data-height-tab=\"\" data-height-tab-portrait=\"120\" data-height-mobile-landscape=\"100\" style=\"clear:both;display:block;\"><\/div><div id=\"ultv-3326\" class=\"ult-dual-color ult-adjust-bottom-margin ult-dual-color-responsive-none ultv-3326 mark-decoration-2 \"><div class=\"ult-module-content ult-dual-color-heading\" style=\"text-align:center;\">\n\t\t\t\t\t\t<h5><span class=\"ult-before-heading\">\n\t\t\t\t\t\t\t\t\t<span class=\"ult-dual-heading-text ult-first-text ult-responsive\"  data-ultimate-target='.ult-dual-color.ultv-3326 .ult-dual-heading-text'  data-responsive-json-new='{\"font-size\":\"\",\"line-height\":\"\"}'  style=\"color:#111111;     border:none; font-weight:normal;\">OUR SELECTED<\/span>\n\t\t\t\t\t\t\t\t<\/span><span class=\"ult-adv-heading\" style=\"\">\n\t\t\t\t\t\t\t\t\t<span class=\"ult-dual-adv-heading-text ult-highlight-text ult-responsive\"  data-ultimate-target='.ult-dual-color.ultv-3326 .ult-highlight-text'  data-responsive-json-new='{\"font-size\":\"\",\"line-height\":\"\"}'  style=\"color:#111111;     border:none; font-weight:normal;\">WORK<\/span>\n\t\t\t\t\t\t\t\t<\/span><\/h5> <\/div><\/div><div class=\"ult-spacer spacer-69e60101a5a4d\" data-id=\"69e60101a5a4d\" data-height=\"35\" data-height-mobile=\"15\" data-height-tab=\"35\" data-height-tab-portrait=\"35\" data-height-mobile-landscape=\"15\" style=\"clear:both;display:block;\"><\/div>[vc_row_inner splitting_chars=&#8221;yes&#8221;][vc_column_inner][vc_custom_heading text=&#8221;BLENDING CREATIVITY &amp; STRATEGY&#8221; font_container=&#8221;tag:h2|text_align:center&#8221; use_theme_fonts=&#8221;yes&#8221; css_animation=&#8221;charsAnimInLong-1&#8243; css=&#8221;&#8221;][\/vc_column_inner][\/vc_row_inner]<div class=\"ult-spacer spacer-69e60101a5a6a\" data-id=\"69e60101a5a6a\" data-height=\"20\" data-height-mobile=\"20\" data-height-tab=\"20\" data-height-tab-portrait=\"20\" data-height-mobile-landscape=\"20\" style=\"clear:both;display:block;\"><\/div>[vc_row_inner][vc_column_inner width=&#8221;1\/6&#8243;][\/vc_column_inner][vc_column_inner width=&#8221;2\/3&#8243;][vc_custom_heading text=&#8221;Your Partner in Crafting Digital Experiences That Drive Results.&#8221; font_container=&#8221;tag:p|font_size:1.2em|text_align:center&#8221; use_theme_fonts=&#8221;yes&#8221; css=&#8221;&#8221;][\/vc_column_inner][vc_column_inner width=&#8221;1\/6&#8243;][\/vc_column_inner][\/vc_row_inner][\/vc_column][\/vc_row][vc_row][vc_column css_animation=&#8221;fadeInUp&#8221;]<div class=\"ult-spacer spacer-69e60101a5a83\" data-id=\"69e60101a5a83\" data-height=\"120\" data-height-mobile=\"80\" data-height-tab=\"\" data-height-tab-portrait=\"\" data-height-mobile-landscape=\"80\" style=\"clear:both;display:block;\"><\/div><style type='text\/css'>#cbpw-wrap195 {margin:0px 0px 0px 0px;}#cbpw-grid195 .cbp-l-grid-masonry-projects-title {color:#111111;background-color:transparent;font-size:20px;font-family:Roboto,sans-serif;font-weight:500;font-style:normal;line-height:22px;text-align:center;text-transform:none;margin:30px 0 0 0;padding:0 0 10px 0;}#cbpw-grid195 .cbp-l-grid-masonry-projects-desc {color:#c4c4c4;background-color:transparent;font-size:11px;font-family:Roboto,sans-serif;font-weight:400;font-style:normal;line-height:18px;text-align:center;text-transform:uppercase;margin:0 0 0 0;padding:5px 0 0 0;}#cbpw-grid195 .cbp-l-caption-buttonLeft {color:#FFF;background-color:transparent;font-size:12px;font-family:Open Sans;font-weight:400;font-style:normal;line-height:30px;text-align:center;text-transform:none;margin:4px 4px 4px 4px;padding:0 6px 0 6px;}#cbpw-grid195 .cbp-l-caption-buttonRight {color:#FFF;background-color:#4d4d4d;font-size:12px;font-family:Open Sans;font-weight:400;font-style:normal;line-height:30px;text-align:center;text-transform:none;margin:4px 4px 4px 4px;padding:0 6px 0 6px;}#cbpw-grid195 .cbp-caption {margin-bottom:0;}#cbpw-grid195 .cbp-caption-activeWrap {background-color:rgba(0, 0, 0, 0.15);}#cbpw-loadMore195 .cbp-l-loadMore-link {color:#7E7B7B;background-color:transparent;border-width:1px 1px 1px 1px;border-style:solid;border-color:#DEDEDE;font-size:12px;font-family:Open Sans,sans-serif;font-weight:400;font-style:normal;line-height:34px;text-align:center;padding:0px 30px 0px 30px;margin:40px 0px 0px 0px;text-transform:none;}#cbpw-loadMore195 .cbp-l-loadMore-link:hover {color:#B0B0B0;background-color:transparent;border-width:1px 1px 1px 1px;border-style:solid;border-color:#DEDEDE;font-size:12px;font-family:Open Sans,sans-serif;font-weight:400;font-style:normal;line-height:34px;text-align:center;padding:0px 30px 0px 30px;margin:40px 0px 0px 0px;text-transform:none;}#cbpw-loadMore195 .cbp-l-loadMore-loading {color:#B0B0B0;background-color:transparent;border-width:1px 1px 1px 1px;border-style:solid;border-color:#DEDEDE;font-size:12px;font-family:Open Sans,sans-serif;font-weight:400;font-style:normal;line-height:34px;text-align:center;padding:0px 30px 0px 30px;margin:40px 0px 0px 0px;text-transform:none;}#cbpw-loadMore195 .cbp-l-loadMore-loading:hover {color:#B0B0B0;background-color:transparent;border-width:1px 1px 1px 1px;border-style:solid;border-color:#DEDEDE;font-size:12px;font-family:Open Sans,sans-serif;font-weight:400;font-style:normal;line-height:34px;text-align:center;padding:0px 30px 0px 30px;margin:40px 0px 0px 0px;text-transform:none;}#cbpw-loadMore195 .cbp-l-loadMore-stop {color:#B0B0B0;background-color:transparent;border-width:1px 1px 1px 1px;border-style:solid;border-color:#DEDEDE;font-size:12px;font-family:Open Sans,sans-serif;font-weight:400;font-style:normal;line-height:34px;text-align:center;padding:0px 30px 0px 30px;margin:40px 0px 0px 0px;text-transform:none;}#cbpw-loadMore195 .cbp-l-loadMore-stop:hover {color:#B0B0B0;background-color:transparent;border-width:1px 1px 1px 1px;border-style:solid;border-color:#DEDEDE;font-size:12px;font-family:Open Sans,sans-serif;font-weight:400;font-style:normal;line-height:34px;text-align:center;padding:0px 30px 0px 30px;margin:40px 0px 0px 0px;text-transform:none;}#cbpw-singlePage195 .cbp-popup-navigation-wrap {background-color:#34425C;}#cbpw-singlePage195 .cbp-popup-singlePage-counter {color:#bbc0df;font-size:13px;font-family:Open Sans;font-weight:400;font-style:normal;}<\/style><link rel=\"stylesheet\" href=\"\/\/fonts.googleapis.com\/css?family=Roboto:500normal,400normal\" type=\"text\/css\" media=\"all\" property=\"stylesheet\"><link rel=\"stylesheet\" href=\"\/\/fonts.googleapis.com\/css?family=Open+Sans:400normal\" type=\"text\/css\" media=\"all\" property=\"stylesheet\"><div id=\"cbpw-wrap195\"><div id=\"cbpw-grid195\" class=\"cbp-l-grid-masonry-projects cbp home-msonry\"><div><div class=\"cbp-item des-project slider\"><div class=\"cbp-caption\"><div class=\"cbp-caption-defaultWrap\"><img decoding=\"async\" src=\"\/\/preview.treethemes.com\/pine\/maindemo\/wp-content\/uploads\/sites\/2\/2025\/01\/proj-m1.jpg\" alt=\"\"><\/div><div class=\"cbp-caption-activeWrap\"><div class=\"cbp-l-caption-alignCenter\"><div class=\"cbp-l-caption-body\"><a href=\"http:\/\/www.technoetiket.com\/?portfolio=fox-artwork-2\" class=\"cbp-simpleLink cbp-l-caption-buttonLeft\">more info<\/a><\/div><\/div><\/div><\/div><div class=\"cbp-l-grid-masonry-projects-title\">Fox artwork<\/div><\/div><div class=\"cbp-item des-project custom-layout\"><div class=\"cbp-caption\"><div class=\"cbp-caption-defaultWrap\"><img decoding=\"async\" src=\"\/\/preview.treethemes.com\/pine\/maindemo\/wp-content\/uploads\/sites\/2\/2025\/01\/proj-m4-masonry.jpg\" alt=\"\"><\/div><div class=\"cbp-caption-activeWrap\"><div class=\"cbp-l-caption-alignCenter\"><div class=\"cbp-l-caption-body\"><a href=\"http:\/\/www.technoetiket.com\/?portfolio=paintings-2\" class=\"cbp-simpleLink cbp-l-caption-buttonLeft\">more info<\/a><\/div><\/div><\/div><\/div><div class=\"cbp-l-grid-masonry-projects-title\">Paintings<\/div><\/div><div class=\"cbp-item des-project video\"><div class=\"cbp-caption\"><div class=\"cbp-caption-defaultWrap\"><img decoding=\"async\" src=\"\/\/preview.treethemes.com\/pine\/maindemo\/wp-content\/uploads\/sites\/2\/2025\/01\/proj-m3.jpg\" alt=\"\"><\/div><div class=\"cbp-caption-activeWrap\"><div class=\"cbp-l-caption-alignCenter\"><div class=\"cbp-l-caption-body\"><a href=\"http:\/\/www.technoetiket.com\/?portfolio=woman-artwork-2\" class=\"cbp-simpleLink cbp-l-caption-buttonLeft\">more info<\/a><\/div><\/div><\/div><\/div><div class=\"cbp-l-grid-masonry-projects-title\">Woman artwork<\/div><\/div><div class=\"cbp-item des-project custom-layout\"><div class=\"cbp-caption\"><div class=\"cbp-caption-defaultWrap\"><img decoding=\"async\" src=\"\/\/preview.treethemes.com\/pine\/maindemo\/wp-content\/uploads\/sites\/2\/2025\/01\/proj-m5.jpg\" alt=\"\"><\/div><div class=\"cbp-caption-activeWrap\"><div class=\"cbp-l-caption-alignCenter\"><div class=\"cbp-l-caption-body\"><a href=\"http:\/\/www.technoetiket.com\/?portfolio=lettering-logos\" class=\"cbp-simpleLink cbp-l-caption-buttonLeft\">more info<\/a><\/div><\/div><\/div><\/div><div class=\"cbp-l-grid-masonry-projects-title\">Lettering Logos<\/div><\/div><div class=\"cbp-item des-project custom-layout\"><div class=\"cbp-caption\"><div class=\"cbp-caption-defaultWrap\"><img decoding=\"async\" src=\"\/\/preview.treethemes.com\/pine\/maindemo\/wp-content\/uploads\/sites\/2\/2025\/01\/proj-m6.jpg\" alt=\"\"><\/div><div class=\"cbp-caption-activeWrap\"><div class=\"cbp-l-caption-alignCenter\"><div class=\"cbp-l-caption-body\"><a href=\"http:\/\/www.technoetiket.com\/?portfolio=shapes-2\" class=\"cbp-simpleLink cbp-l-caption-buttonLeft\">more info<\/a><\/div><\/div><\/div><\/div><div class=\"cbp-l-grid-masonry-projects-title\">Shapes<\/div><\/div><div class=\"cbp-item des-project big-images\"><div class=\"cbp-caption\"><div class=\"cbp-caption-defaultWrap\"><img decoding=\"async\" src=\"\/\/preview.treethemes.com\/pine\/maindemo\/wp-content\/uploads\/sites\/2\/2025\/01\/proj-m4.jpg\" alt=\"\"><\/div><div class=\"cbp-caption-activeWrap\"><div class=\"cbp-l-caption-alignCenter\"><div class=\"cbp-l-caption-body\"><a href=\"http:\/\/www.technoetiket.com\/?portfolio=faces-2\" class=\"cbp-simpleLink cbp-l-caption-buttonLeft\">more info<\/a><\/div><\/div><\/div><\/div><div class=\"cbp-l-grid-masonry-projects-title\">Faces<\/div><\/div><div class=\"cbp-item des-project split-layout\"><div class=\"cbp-caption\"><div class=\"cbp-caption-defaultWrap\"><img decoding=\"async\" src=\"\/\/preview.treethemes.com\/pine\/maindemo\/wp-content\/uploads\/sites\/2\/2025\/01\/proj-m8.jpg\" alt=\"\"><\/div><div class=\"cbp-caption-activeWrap\"><div class=\"cbp-l-caption-alignCenter\"><div class=\"cbp-l-caption-body\"><a href=\"http:\/\/www.technoetiket.com\/?portfolio=lansdcape\" class=\"cbp-simpleLink cbp-l-caption-buttonLeft\">more info<\/a><\/div><\/div><\/div><\/div><div class=\"cbp-l-grid-masonry-projects-title\">Lansdcape<\/div><\/div><div class=\"cbp-item des-project split-layout\"><div class=\"cbp-caption\"><div class=\"cbp-caption-defaultWrap\"><img decoding=\"async\" src=\"\/\/preview.treethemes.com\/pine\/maindemo\/wp-content\/uploads\/sites\/2\/2025\/01\/proj-m7.jpg\" alt=\"\"><\/div><div class=\"cbp-caption-activeWrap\"><div class=\"cbp-l-caption-alignCenter\"><div class=\"cbp-l-caption-body\"><a href=\"http:\/\/www.technoetiket.com\/?portfolio=meditation-app-2\" class=\"cbp-simpleLink cbp-l-caption-buttonLeft\">more info<\/a><\/div><\/div><\/div><\/div><div class=\"cbp-l-grid-masonry-projects-title\">Meditation App<\/div><\/div><div class=\"cbp-item des-project split-layout\"><div class=\"cbp-caption\"><div class=\"cbp-caption-defaultWrap\"><img decoding=\"async\" src=\"\/\/preview.treethemes.com\/pine\/maindemo\/wp-content\/uploads\/sites\/2\/2025\/01\/proj-m9.jpg\" alt=\"\"><\/div><div class=\"cbp-caption-activeWrap\"><div class=\"cbp-l-caption-alignCenter\"><div class=\"cbp-l-caption-body\"><a href=\"http:\/\/www.technoetiket.com\/?portfolio=card-mockup-2\" class=\"cbp-simpleLink cbp-l-caption-buttonLeft\">more info<\/a><\/div><\/div><\/div><\/div><div class=\"cbp-l-grid-masonry-projects-title\">Card mockup<\/div><\/div><\/div><\/div><\/div><script type=\"text\/javascript\">this.initCubePortfolio =  this.initCubePortfolio || []; this.initCubePortfolio.push({id: 195, options: {\"filters\":\"\",\"loadMore\":\"\",\"loadMoreAction\":\"click\",\"search\":\"\",\"layoutMode\":\"grid\",\"sortToPreventGaps\":false,\"drag\":true,\"auto\":false,\"autoTimeout\":5000,\"autoPauseOnHover\":true,\"showNavigation\":true,\"showPagination\":true,\"rewindNav\":true,\"scrollByPage\":false,\"defaultFilter\":\"*\",\"filterDeeplinking\":false,\"animationType\":\"quicksand\",\"gridAdjustment\":\"responsive\",\"mediaQueries\":[{\"width\":1400,\"cols\":3},{\"width\":1170,\"cols\":3},{\"width\":1024,\"cols\":3},{\"width\":960,\"cols\":3},{\"width\":778,\"cols\":3},{\"width\":640,\"cols\":2},{\"width\":480,\"cols\":1}],\"gapHorizontal\":90,\"gapVertical\":80,\"caption\":\"zoom\",\"displayType\":\"lazyLoading\",\"displayTypeSpeed\":100,\"lightboxDelegate\":\".cbp-lightbox\",\"lightboxGallery\":true,\"lightboxTitleSrc\":\"data-title\",\"lightboxCounter\":\"<div class=\\\"cbp-popup-lightbox-counter\\\">{{current}} of {{total}}<\/div>\",\"singlePageDelegate\":\".cbp-singlePage\",\"singlePageDeeplinking\":true,\"singlePageStickyNavigation\":true,\"singlePageCounter\":\"<div class=\\\"cbp-popup-singlePage-counter\\\">{{current}} of {{total}}<\/div>\",\"singlePageAnimation\":\"middle\",\"singlePageInlineDelegate\":\".cbp-singlePageInline\",\"singlePageInlineDeeplinking\":false,\"singlePageInlinePosition\":\"above\",\"singlePageInlineInFocus\":true,\"plugins\":{},\"cols\":3,\"displayItemsLoadMore\":3,\"coverRatio\":\"\"}});<\/script>[\/vc_column][\/vc_row][vc_row full_width=&#8221;stretch_row_content_no_spaces&#8221;][vc_column]<div class=\"ult-spacer spacer-69e60101a6348\" data-id=\"69e60101a6348\" data-height=\"100\" data-height-mobile=\"80\" data-height-tab=\"80\" data-height-tab-portrait=\"80\" data-height-mobile-landscape=\"80\" style=\"clear:both;display:block;\"><\/div>[\/vc_column][\/vc_row][vc_row content_placement=&#8221;middle&#8221; bg_type=&#8221;bg_color&#8221; bg_override=&#8221;ex-full&#8221; bg_color_value=&#8221;#f2f2f2&#8243;][vc_column width=&#8221;1\/6&#8243;][\/vc_column][vc_column width=&#8221;2\/3&#8243; el_class=&#8221;wide-testimonials-mobile&#8221;][\/vc_column][vc_column width=&#8221;1\/6&#8243;][\/vc_column][\/vc_row][vc_row equal_height=&#8221;yes&#8221; content_placement=&#8221;middle&#8221; css_animation=&#8221;none&#8221; bg_type=&#8221;image&#8221; parallax_style=&#8221;vcpb-default&#8221; bg_image_new=&#8221;id^1588|url^https:\/\/preview.treethemes.com\/pine\/maindemo\/wp-content\/uploads\/sites\/2\/2025\/01\/testimonialsbg.jpg|caption^null|alt^null|title^testimonialsbg|description^null&#8221; bg_image_repeat=&#8221;no-repeat&#8221; bg_override=&#8221;ex-full&#8221; enable_overlay=&#8221;enable_overlay_value&#8221; overlay_color=&#8221;rgba(244,244,244,0.8)&#8221;][vc_column css_animation=&#8221;fadeInUp&#8221;]<div class=\"ult-spacer spacer-69e60101a6369\" data-id=\"69e60101a6369\" data-height=\"120\" data-height-mobile=\"80\" data-height-tab=\"\" data-height-tab-portrait=\"\" data-height-mobile-landscape=\"80\" style=\"clear:both;display:block;\"><\/div><div id=\"ultv-4588\" class=\"ult-dual-color ult-adjust-bottom-margin ult-dual-color-responsive-none ultv-4588 mark-decoration-2 \"><div class=\"ult-module-content ult-dual-color-heading\" style=\"text-align:center;\">\n\t\t\t\t\t\t<h5><span class=\"ult-before-heading\">\n\t\t\t\t\t\t\t\t\t<span class=\"ult-dual-heading-text ult-first-text ult-responsive\"  data-ultimate-target='.ult-dual-color.ultv-4588 .ult-dual-heading-text'  data-responsive-json-new='{\"font-size\":\"\",\"line-height\":\"\"}'  style=\"color:#111111;     border:none; font-weight:normal;\">OUR<\/span>\n\t\t\t\t\t\t\t\t<\/span><span class=\"ult-adv-heading\" style=\"\">\n\t\t\t\t\t\t\t\t\t<span class=\"ult-dual-adv-heading-text ult-highlight-text ult-responsive\"  data-ultimate-target='.ult-dual-color.ultv-4588 .ult-highlight-text'  data-responsive-json-new='{\"font-size\":\"\",\"line-height\":\"\"}'  style=\"color:#111111;     border:none; font-weight:normal;\">CLIENTS<\/span>\n\t\t\t\t\t\t\t\t<\/span><span class=\"ult-after-heading\">\n\t\t\t\t\t\t\t\t\t<span class=\"ult-dual-heading-text ult-third-text\"  data-ultimate-target='.ult-dual-color.ultv-4588 .ult-dual-heading-text'  data-responsive-json-new='{\"font-size\":\"\",\"line-height\":\"\"}'  style=\"color:#111111;     border:none; font-weight:normal;\">TESTIMONIALS<\/span>\n\t\t\t\t\t\t\t\t<\/span><\/h5> <\/div><\/div><div class=\"ult-spacer spacer-69e60101a63e5\" data-id=\"69e60101a63e5\" data-height=\"25\" data-height-mobile=\"15\" data-height-tab=\"25\" data-height-tab-portrait=\"0\" data-height-mobile-landscape=\"15\" style=\"clear:both;display:block;\"><\/div>[vc_row_inner splitting_chars=&#8221;yes&#8221; el_class=&#8221;wide-ipad&#8221;][vc_column_inner width=&#8221;1\/4&#8243;][\/vc_column_inner][vc_column_inner width=&#8221;1\/2&#8243;][vc_custom_heading text=&#8221;Trusted by leading experts&#8221; font_container=&#8221;tag:h2|text_align:center&#8221; use_theme_fonts=&#8221;yes&#8221; css_animation=&#8221;charsAnimInLong-1&#8243; css=&#8221;&#8221;][\/vc_column_inner][vc_column_inner width=&#8221;1\/4&#8243;][\/vc_column_inner][\/vc_row_inner][vc_empty_space height=&#8221;50px&#8221;][vc_row_inner][vc_column_inner width=&#8221;1\/6&#8243;][\/vc_column_inner][vc_column_inner width=&#8221;2\/3&#8243;]<div id=\"testimonials-container-1\" class=\"container testimonials style1 testimonials-align-center\"><div class=\"testimonial-box\"><ul class=\"testimonial-nav\"><li><a href=\"#testimonial-1\"  class=\"active\" ><img decoding=\"async\" alt=\"Testimonial 06\" src=\"https:\/\/www.technoetiket.com\/wp-content\/uploads\/2025\/01\/eye-for-ebony-vYpbBtkDhNE-unsplash-300x300.jpg\" \/><div class=\"cover-test-img\"><\/div><\/a><\/li><li><a href=\"#testimonial-2\" ><img decoding=\"async\" alt=\"Testimonial 05\" src=\"https:\/\/www.technoetiket.com\/wp-content\/uploads\/2025\/01\/testimonial-1-scaled-1-300x300.jpg\" \/><div class=\"cover-test-img\"><\/div><\/a><\/li><li><a href=\"#testimonial-3\" ><img decoding=\"async\" alt=\"Testimonial 04\" src=\"https:\/\/www.technoetiket.com\/wp-content\/uploads\/2025\/01\/testimonial-2-300x300.jpg\" \/><div class=\"cover-test-img\"><\/div><\/a><\/li><li><a href=\"#testimonial-4\" ><img decoding=\"async\" alt=\"Testimonial 03\" src=\"https:\/\/www.technoetiket.com\/wp-content\/uploads\/2025\/01\/testimonial-1-1-300x300.jpg\" \/><div class=\"cover-test-img\"><\/div><\/a><\/li><li><a href=\"#testimonial-5\" ><img decoding=\"async\" alt=\"Testimonial 02\" src=\"https:\/\/www.technoetiket.com\/wp-content\/uploads\/2025\/01\/testimonial-2-1-300x300.jpg\" \/><div class=\"cover-test-img\"><\/div><\/a><\/li><li><a href=\"#testimonial-6\" ><img decoding=\"async\" alt=\"Testimonial 01\" src=\"https:\/\/www.technoetiket.com\/wp-content\/uploads\/2025\/01\/imagegallery7-300x300.jpg\" \/><div class=\"cover-test-img\"><\/div><\/a><\/li><\/ul><div class=\"testimonials-content\"><div class=\"testimonial active\" id=\"testimonial-1\">This is template is so beautiful and has such wonderful new options. It is updated often which gives me even more quality. The support is one of the absolute best I've ever had the pleasure of interacting with. Quick, courteous, and extremely helpful!<span class=\"t-author-style1\">Adam Peterson <br\/> <a href=\"#\">Business Owner<\/a><\/span><\/div><div class=\"testimonial\" id=\"testimonial-2\">Fantastic design, incredibly well documented, and an absolute pleasure to use! The customer support is one of the absolute best I've ever had the pleasure of interacting with. One of the best looking themes out there.<span class=\"t-author-style1\">Andrea Loob <br\/> <a href=\"#\">Agency X<\/a><\/span><\/div><div class=\"testimonial\" id=\"testimonial-3\">This is template is so beautiful and has such wonderful new options. It is updated often which gives me even more quality. The support is one of the absolute best I've ever had the pleasure of interacting with. Quick, courteous, and extremely helpful!<span class=\"t-author-style1\">Adam Peterson <br\/> <a href=\"#\">Business Owner<\/a><\/span><\/div><div class=\"testimonial\" id=\"testimonial-4\">Beautiful, flexible theme. Much more robust than what I needed for this project, but so chic I couldn't resist. Support was also really responsive and even have a code change for me in the next update. Will definitely consider more themes from this developer!<span class=\"t-author-style1\">Sergio Whun <br\/> <a href=\"#\">Company \/ CEO<\/a><\/span><\/div><div class=\"testimonial\" id=\"testimonial-5\">Fantastic design, incredibly well documented, and an absolute pleasure to use! The customer support is one of the absolute best I've ever had the pleasure of interacting with. One of the best looking themes out there.<span class=\"t-author-style1\">Andrea Loob <br\/> <a href=\"#\">Agency X<\/a><\/span><\/div><div class=\"testimonial\" id=\"testimonial-6\">Love it. Found it easy to get my site up and running. Amazing product! Amazing design, easy to change to your liking! The support is also top quality, all the times I have asked for help, the help came and fixed my problems! 5\/5<span class=\"t-author-style1\">Leeseit <br\/> <a href=\"#\">Boldway Lda<\/a><\/span><\/div><\/div><\/div><\/div>\n\t\t\t  <script type=\"text\/javascript\">\n\t\t\t\tjQuery(document).ready(function(){\n\t\t\t\t\t  var who = jQuery('#testimonials-container-1');\n\t\t\t\t\t  who.find('.testimonials-content').height( who.find('.testimonials-content .testimonial.active').height() + who.find('.testimonials-content .testimonial.active > span').height() );\n\t\t\t\t\t  who.find('.testimonial-nav a').on('click', function(e){\n\t\t\t\t\t\t  e.preventDefault();\n\t\t\t\t\t  });\n\t\t\t\t\t  who.find('.testimonial-nav a').on('mouseenter', function(){\n\t\t\t\t\t\t  who.find('.testimonial-nav a').removeClass('active');\n\t\t\t\t\t\t  jQuery(this).addClass('active');\n\t\t\t\t\t\t  who.find('.testimonial.active').removeClass('active');\n\t\t\t\t\t\t  who.find(jQuery(this).attr('href')).addClass('active');\n\t\t\t\t\t\t  who.find('.testimonials-content').height( who.find('.testimonials-content .testimonial.active').height() + who.find('.testimonials-content .testimonial.active > span').height() );\n\t\t\t\t\t  });\n\t\t\t\t});\n\t\t\t\t<\/script>[\/vc_column_inner][vc_column_inner width=&#8221;1\/6&#8243;][\/vc_column_inner][\/vc_row_inner][vc_empty_space height=&#8221;50px&#8221;][\/vc_column][\/vc_row]<\/p>\n<\/div>","protected":false},"excerpt":{"rendered":"<p>[vc_row equal_height=&#8221;yes&#8221; content_placement=&#8221;middle&#8221; css_animation=&#8221;none&#8221; el_class=&#8221;wide-ipad&#8221;][vc_column css_animation=&#8221;fadeInUp&#8221;][vc_row_inner splitting_chars=&#8221;yes&#8221;][vc_column_inner][vc_custom_heading text=&#8221;BLENDING CREATIVITY &amp; STRATEGY&#8221; font_container=&#8221;tag:h2|text_align:center&#8221; use_theme_fonts=&#8221;yes&#8221; css_animation=&#8221;charsAnimInLong-1&#8243; css=&#8221;&#8221;][\/vc_column_inner][\/vc_row_inner][vc_row_inner][vc_column_inner width=&#8221;1\/6&#8243;][\/vc_column_inner][vc_column_inner width=&#8221;2\/3&#8243;][vc_custom_heading text=&#8221;Your Partner in Crafting Digital Experiences That Drive Results.&#8221; font_container=&#8221;tag:p|font_size:1.2em|text_align:center&#8221; use_theme_fonts=&#8221;yes&#8221; css=&#8221;&#8221;][\/vc_column_inner][vc_column_inner width=&#8221;1\/6&#8243;][\/vc_column_inner][\/vc_row_inner][\/vc_column][\/vc_row][vc_row][vc_column css_animation=&#8221;fadeInUp&#8221;][\/vc_column][\/vc_row][vc_row full_width=&#8221;stretch_row_content_no_spaces&#8221;][vc_column][\/vc_column][\/vc_row][vc_row content_placement=&#8221;middle&#8221; bg_type=&#8221;bg_color&#8221; bg_override=&#8221;ex-full&#8221; bg_color_value=&#8221;#f2f2f2&#8243;][vc_column width=&#8221;1\/6&#8243;][\/vc_column][vc_column width=&#8221;2\/3&#8243; el_class=&#8221;wide-testimonials-mobile&#8221;][\/vc_column][vc_column width=&#8221;1\/6&#8243;][\/vc_column][\/vc_row][vc_row equal_height=&#8221;yes&#8221; content_placement=&#8221;middle&#8221; css_animation=&#8221;none&#8221; bg_type=&#8221;image&#8221; parallax_style=&#8221;vcpb-default&#8221; bg_image_new=&#8221;id^1588|url^https:\/\/preview.treethemes.com\/pine\/maindemo\/wp-content\/uploads\/sites\/2\/2025\/01\/testimonialsbg.jpg|caption^null|alt^null|title^testimonialsbg|description^null&#8221; bg_image_repeat=&#8221;no-repeat&#8221; bg_override=&#8221;ex-full&#8221; enable_overlay=&#8221;enable_overlay_value&#8221; overlay_color=&#8221;rgba(244,244,244,0.8)&#8221;][vc_column css_animation=&#8221;fadeInUp&#8221;][vc_row_inner splitting_chars=&#8221;yes&#8221; el_class=&#8221;wide-ipad&#8221;][vc_column_inner width=&#8221;1\/4&#8243;][\/vc_column_inner][vc_column_inner width=&#8221;1\/2&#8243;][vc_custom_heading [&hellip;]<\/p>\n","protected":false},"author":2,"featured_media":0,"parent":0,"menu_order":0,"comment_status":"closed","ping_status":"closed","template":"one-page-template.php","meta":{"footnotes":""},"class_list":["post-1685","page","type-page","status-publish","hentry"],"_links":{"self":[{"href":"https:\/\/www.technoetiket.com\/index.php?rest_route=\/wp\/v2\/pages\/1685","targetHints":{"allow":["GET"]}}],"collection":[{"href":"https:\/\/www.technoetiket.com\/index.php?rest_route=\/wp\/v2\/pages"}],"about":[{"href":"https:\/\/www.technoetiket.com\/index.php?rest_route=\/wp\/v2\/types\/page"}],"author":[{"embeddable":true,"href":"https:\/\/www.technoetiket.com\/index.php?rest_route=\/wp\/v2\/users\/2"}],"replies":[{"embeddable":true,"href":"https:\/\/www.technoetiket.com\/index.php?rest_route=%2Fwp%2Fv2%2Fcomments&post=1685"}],"version-history":[{"count":1,"href":"https:\/\/www.technoetiket.com\/index.php?rest_route=\/wp\/v2\/pages\/1685\/revisions"}],"predecessor-version":[{"id":1777,"href":"https:\/\/www.technoetiket.com\/index.php?rest_route=\/wp\/v2\/pages\/1685\/revisions\/1777"}],"wp:attachment":[{"href":"https:\/\/www.technoetiket.com\/index.php?rest_route=%2Fwp%2Fv2%2Fmedia&parent=1685"}],"curies":[{"name":"wp","href":"https:\/\/api.w.org\/{rel}","templated":true}]}}